20 divide 867799149?
False
Is 3345093 a multiple of 1329?
True
Does 12 divide 1557862884?
True
Does 154 divide 155381226?
True
Is 14 a factor of 88736176?
False
Is 160 a factor of 16207906?
False
Does 403 divide 153530910?
True
Is 1417327548 a multiple of 182?
True
Is 7245241 a multiple of 138?
False
Does 23 divide 992760486?
False
Does 19 divide 35841999?
True
Is 441569137 a multiple of 4033?
True
Is 19 a factor of 13834091?
False
Does 310 divide 16471230?
True
Is 387082432 a multiple of 1953?
False
Is 103 a factor of 11286965?
False
Does 24 divide 21021857?
False
Is 4304 a factor of 2400999312?
True
Is 161782000 a multiple of 2300?
True
Is 351816822 a multiple of 1246?
True
Is 18 a factor of 18386197?
False
Is 64 a factor of 1185435021?
False
Is 267 a factor of 74684222?
False
Does 312 divide 89530584?
True
Is 11 a factor of 16766838?
True
Is 10006180 a multiple of 8?
False
Is 42690382 a multiple of 47?
True
Does 261 divide 387556929?
False
Is 118 a factor of 19414421?
False
Does 428 divide 7712038?
False
Does 714 divide 163544556?
True
Is 6610285 a multiple of 4?
False
Is 44 a factor of 211080276?
True
Is 2 a factor of 35410923?
False
Is 62973209 a multiple of 13?
True
Does 105 divide 88294398?
False
Does 391 divide 101246162?
False
Is 2707 a factor of 9363513?
True
Is 31026949 a multiple of 49?
False
Does 13 divide 7120512789?
True
Does 2339 divide 125419519?
True
Is 1817 a factor of 531654200?
True
Does 536 divide 8060917?
False
Does 4900 divide 91512400?
True
Is 43426404 a multiple of 43?
False
Does 34 divide 65105569?
False
Does 3998 divide 1853672700?
True
Is 3143897 a multiple of 2?
False
Is 19273855 a multiple of 185?
True
Is 206198118 a multiple of 141?
True
Does 72 divide 1280236536?
True
Is 232 a factor of 108188096?
True
Is 27 a factor of 890507391?
False
Does 557 divide 573459494?
False
Does 16 divide 295798192?
True
Is 705 a factor of 3164537025?
True
Is 1142594146 a multiple of 38?
True
Is 11314008 a multiple of 1644?
True
Does 502 divide 6853525512?
False
Is 617 a factor of 15390631?
False
Is 218148240 a multiple of 4360?
True
Is 27783660 a multiple of 19?
False
Is 477380805 a multiple of 33?
True
Is 432017058 a multiple of 33?
True
Is 500 a factor of 1220088500?
True
Is 1938707 a multiple of 3?
False
Does 55 divide 86949863?
False
Does 871 divide 32635499?
True
Is 286 a factor of 113520600?
False
Does 246 divide 25243604?
False
Is 22327709 a multiple of 1157?
False
Is 679 a factor of 1632622209?
False
Does 3 divide 12743922?
True
Is 1378892 a multiple of 33?
False
Is 5453504 a multiple of 752?
True
Does 350 divide 215405750?
True
Is 906 a factor of 104297814?
True
Does 381 divide 12267057?
True
Does 556 divide 85165300?
True
Is 3931 a factor of 885123615?
True
Does 1639 divide 20698931?
True
Is 6 a factor of 5646336?
True
Does 214 divide 13697070?
True
Is 30 a factor of 651693480?
True
Does 10 divide 5685332?
False
Does 6 divide 21430056?
True
Does 1668 divide 4647254?
False
Is 1343 a factor of 37503775?
False
Is 9 a factor of 65580164?
False
Is 221834325 a multiple of 75?
True
Is 79043446 a multiple of 937?
True
Is 665258685 a multiple of 35?
True
Does 3237 divide 41686086?
True
Does 1139 divide 72171596?
True
Is 13 a factor of 897072?
False
Is 313 a factor of 462904989?
False
Is 269 a factor of 46942383?
True
Is 3067 a factor of 210773441?
True
Is 383266 a multiple of 1663?
False
Does 195 divide 14912235?
True
Is 35890585 a multiple of 59?
True
Is 45 a factor of 15647554?
False
Is 5 a factor of 86300005?
True
Is 379 a factor of 539651443?
False
Does 355 divide 2119364555?
True
Is 419032250 a multiple of 1750?
True
Is 2218970 a multiple of 1690?
True
Does 1544 divide 171037388?
False
Is 1966 a factor of 45082346?
True
Is 391 a factor of 3531783?
False
Does 677 divide 7372038?
False
Does 46 divide 79857319?
False
Is 18 a factor of 2735486772?
False
Is 120741345 a multiple of 62?
False
Is 16260914 a multiple of 179?
False
Does 12 divide 174655152?
True
Is 270923340 a multiple of 60?
True
Is 124871955 a multiple of 1929?
False
Does 105 divide 8679195?
True
Does 1138 divide 77860822?
True
Is 606 a factor of 103173562?
False
Is 4 a factor of 3217796?
True
Is 8578882 a multiple of 20?
False
Is 15 a factor of 48799024?
False
Is 146345692 a multiple of 14?
False
Is 653 a factor of 2249826541?
False
Is 2709 a factor of 77136111?
False
Is 2215 a factor of 315796980?
True
Is 3375327 a multiple of 19?
False
Does 239 divide 401135215?
False
Does 120 divide 267788880?
True
Is 723911596 a multiple of 7379?
False
Is 496252148 a multiple of 28?
True
Is 72287556 a multiple of 2?
True
Is 7 a factor of 1019732420?
True
Is 528524000 a multiple of 500?
True
Is 3871522 a multiple of 3466?
True
Does 42 divide 59499972?
True
Is 7449318 a multiple of 277?
False
Is 717629328 a multiple of 1431?
True
Is 361285068 a multiple of 26?
False
Is 24481585 a multiple of 1105?
False
Is 48914908 a multiple of 172?
True
Does 33 divide 828696?
True
Does 5 divide 13270570?
True
Does 5 divide 14640835?
True
Is 8 a factor of 8400336?
True
Is 193 a factor of 30972833?
True
Is 38330838 a multiple of 1911?
True
Is 4 a factor of 55532768?
True
Is 16 a factor of 551866872?
False
Is 1203 a factor of 114745749?
True
Is 84 a factor of 418853913?
False
Does 2065 divide 300955165?
True
Does 81 divide 557598364?
False
Does 1425 divide 8535003300?
True
Does 52 divide 1508339423?
False
Is 1102190880 a multiple of 96?
True
Is 2203099171 a multiple of 10?
False
Is 4 a factor of 1796040340?
True
Does 440 divide 833341080?
True
Does 140 divide 692448400?
True
Does 782 divide 1907076308?
False
Is 344 a factor of 59967879?
False
Is 3200538 a multiple of 3?
True
Does 22 divide 114987928?
True
Is 1455250290 a multiple of 39?
True
Is 2862919620 a multiple of 418?
True
Is 84810572 a multiple of 49?
True
Is 159 a factor of 11529549?
False
Is 832448119 a multiple of 331?
True
Is 139119109 a multiple of 697?
True
Is 871461 a multiple of 2?
False
Is 903 a factor of 3608148705?
True
Is 795 a factor of 602621925?
True
Is 361578635 a multiple of 55?
True
Is 14 a factor of 94269196?
True
Does 500 divide 11353000?
True
Is 1487001330 a multiple of 134?
False
Does 143 divide 6744166?
True
Does 141 divide 12241752?
False
Is 5 a factor of 284707760?
True
Is 2856639167 a multiple of 59?
True
Is 735 a factor of 41361390?
True
Does 15 divide 91446907?
False
Is 39 a factor of 313551808?
False
Is 38 a factor of 770345424?
True
Does 287 divide 140583308?
False
Is 10 a factor of 7097298?
False
Does 216 divide 2728443096?
True
Does 1643 divide 21553245?
False
Is 23 a factor of 161797801?
True
Is 69851153 a multiple of 3073?
False
Does 165 divide 182112315?
True
Does 2147 divide 501056128?
False
Is 33313452 a multiple of 109?
True
Does 8594 divide 1312696132?
False
Is 19 a factor of 68167041?
True
Is 312 a factor of 26598691?
False
Is 28 a factor of 71464081?
False
Is 31667081 a multiple of 387?
False
Is 504 a factor of 36559477?
False
Is 14 a factor of 1534239?
False
Is 11422250 a multiple of 175?
True
Is 38188392 a multiple of 11?
True
Does 64 divide 106969247?
False
Is 549 a factor of 2878509?
False
Is 51 a factor of 25377192?
True
Is 257 a factor of 583527752?
True
Does 202 divide 76187189?
False
Is 832417104 a multiple of 368?
True
Does 3 divide 29790792?
True
Is 32456174 a multiple of 1008?
False
Does 2332 divide 148937844?
True
Does 1750 divide 135198000?
True
Does 23 divide 180954998?
False
Is 1730 a factor of 55313107?
False
Is 25 a factor of 537678710?
False
Does 137 divide 1124603134?
True
Is 685 a factor of 4386055?
True
Is 28 a factor of 885618263?
False
Does 8 divide 402094414?
False
Does 25 divide 2441272400?
True
Is 198 a factor of 70804800?
True
Is 1139727391 a multiple of 79?
True
Is 34 a factor of 2168160563?
False
Is 746 a factor of 284469942?
True
Is 47 a factor of 38364173?
True
Is 272 a factor of 434112?
True
Is 320 a factor of 30888960?
True
Does 6342 divide 299659500?
True
Is 19 a factor of 22848180?
False
Is 532079000 a multiple of 125?
True
Does 83 divide 98687996?
True
Is 99 a factor of 50200228?
False
Is 18016479 a multiple of 255?
False
Does 1407 divide 98688597?
False
Is 1374465 a multiple of 15?
True
Does 4 divide 346434503?
False
Does 213 divide 36262240?
False
Is 17135809